{"id":369,"date":"2025-12-10T09:52:28","date_gmt":"2025-12-10T08:52:28","guid":{"rendered":"https:\/\/tangovirri.pl\/?page_id=369"},"modified":"2025-12-18T10:08:29","modified_gmt":"2025-12-18T09:08:29","slug":"witamy","status":"publish","type":"page","link":"https:\/\/tangovirri.pl\/","title":{"rendered":"Home page"},"content":{"rendered":"<h1 class=\"show\">Serdecznie witamy w szkole tanga Tangovirri<\/h1>\n\n\n<p>Zapraszamy na regularne, grupowe lekcje tanga na Starym Mie\u015bcie w Krakowie!<\/p>\n\n\n\n<p>Niezale\u017cnie od tego czy chcesz dopiero rozpocz\u0105\u0107 swoj\u0105 przygod\u0119 z tangiem, czy chcesz rozwin\u0105\u0107 swoje umiej\u0119tno\u015bci, prowadzimy zaj\u0119cia zar\u00f3wno dla pocz\u0105tkuj\u0105cych jak i dla zaawansowanych tancerzy. W naszej szkole zale\u017cy nam na tym, by przekaza\u0107 nasze tango tak jak ta\u0144czy si\u0119 je w Buenos Aires, gdzie uczyli\u015bmy si\u0119 dzi\u0119ki naszym sze\u015bciu podr\u00f3\u017com do Argentyny.<\/p>\n\n\n\n<p>Autorem zdj\u0119cia w tle jest krakowska fotografka Agnieszka Tekiela.<\/p>\n\n\n<h2 class=\"show\">Dodaj tango do swojego kalendarza Google!<\/h2>\n\n<iframe loading=\"lazy\" src=\"https:\/\/calendar.google.com\/calendar\/embed?src=tangovirri%40gmail.com&#038;ctz=Europe%2FWarsaw\" style=\"border: 0\" width=\"800\" height=\"600\" frameborder=\"0\" scrolling=\"no\"><\/iframe>","protected":false},"excerpt":{"rendered":"<p>Serdecznie witamy w szkole tanga Tangovirri Zapraszamy na regularne, grupowe lekcje tanga na Starym Mie\u015bcie w Krakowie! Niezale\u017cnie od tego czy chcesz dopiero rozpocz\u0105\u0107 swoj\u0105 przygod\u0119 z tangiem, czy chcesz rozwin\u0105\u0107 swoje umiej\u0119tno\u015bci, prowadzimy zaj\u0119cia zar\u00f3wno dla pocz\u0105tkuj\u0105cych jak i dla zaawansowanych tancerzy. W naszej szkole zale\u017cy nam na tym, by przekaza\u0107 nasze tango tak &hellip; <\/p>\n<p class=\"link-more\"><a href=\"https:\/\/tangovirri.pl\/\" class=\"more-link\">Continue reading<span class=\"screen-reader-text\"> &#8220;Home page&#8221;<\/span><\/a><\/p>\n","protected":false},"author":1,"featured_media":0,"parent":0,"menu_order":0,"comment_status":"closed","ping_status":"closed","template":"","meta":{"footnotes":""},"class_list":["post-369","page","type-page","status-publish","hentry"],"_links":{"self":[{"href":"https:\/\/tangovirri.pl\/index.php?rest_route=\/wp\/v2\/pages\/369","targetHints":{"allow":["GET"]}}],"collection":[{"href":"https:\/\/tangovirri.pl\/index.php?rest_route=\/wp\/v2\/pages"}],"about":[{"href":"https:\/\/tangovirri.pl\/index.php?rest_route=\/wp\/v2\/types\/page"}],"author":[{"embeddable":true,"href":"https:\/\/tangovirri.pl\/index.php?rest_route=\/wp\/v2\/users\/1"}],"replies":[{"embeddable":true,"href":"https:\/\/tangovirri.pl\/index.php?rest_route=%2Fwp%2Fv2%2Fcomments&post=369"}],"version-history":[{"count":18,"href":"https:\/\/tangovirri.pl\/index.php?rest_route=\/wp\/v2\/pages\/369\/revisions"}],"predecessor-version":[{"id":487,"href":"https:\/\/tangovirri.pl\/index.php?rest_route=\/wp\/v2\/pages\/369\/revisions\/487"}],"wp:attachment":[{"href":"https:\/\/tangovirri.pl\/index.php?rest_route=%2Fwp%2Fv2%2Fmedia&parent=369"}],"curies":[{"name":"wp","href":"https:\/\/api.w.org\/{rel}","templated":true}]}}