{"id":35,"date":"2024-06-16T18:39:26","date_gmt":"2024-06-16T16:39:26","guid":{"rendered":"https:\/\/tangovirri.pl\/?page_id=35"},"modified":"2026-04-20T14:29:58","modified_gmt":"2026-04-20T12:29:58","slug":"terminarz","status":"publish","type":"page","link":"https:\/\/tangovirri.pl\/?page_id=35","title":{"rendered":"Lekcje tanga"},"content":{"rendered":"<h1 class=\"show\">Harmonogram zaj\u0119\u0107<\/h1>\n<p><img loading=\"lazy\" decoding=\"async\" class=\"alignnone size-large wp-image-561\" src=\"https:\/\/tangovirri.pl\/wp-content\/uploads\/2026\/04\/grafik-1024x577.png\" alt=\"\" width=\"525\" height=\"296\" srcset=\"https:\/\/tangovirri.pl\/wp-content\/uploads\/2026\/04\/grafik-1024x577.png 1024w, https:\/\/tangovirri.pl\/wp-content\/uploads\/2026\/04\/grafik-300x169.png 300w, https:\/\/tangovirri.pl\/wp-content\/uploads\/2026\/04\/grafik-768x433.png 768w, https:\/\/tangovirri.pl\/wp-content\/uploads\/2026\/04\/grafik-1536x865.png 1536w, https:\/\/tangovirri.pl\/wp-content\/uploads\/2026\/04\/grafik.png 1640w\" sizes=\"auto, (max-width: 525px) 100vw, 525px\" \/><\/p>\n<p class=\"text-center\"><a class=\"btn--red\" href=\"https:\/\/tangovirri.pl\">Kalendarz Google Tangovirri<\/a><\/p>\n<p>W naszej szkole prowadzimy zaj\u0119cia na r\u00f3\u017cnych poziomach zaawansowania:<\/p>\n<ul style=\"list-style-type: disc;\">\n<li>od podstaw &#8211; dla tych kt\u00f3rzy zaczynaj\u0105<\/li>\n<li>dla pocz\u0105tkuj\u0105cych &#8211; dla tych kt\u00f3rzy ju\u017c ta\u0144cz\u0105 kilka miesi\u0119cy<\/li>\n<li>dla \u015brednio zaawansowanych &#8211; dla tych kt\u00f3rzy ju\u017c ta\u0144cz\u0105 min. p\u00f3\u0142 roku<\/li>\n<li>open &#8211; dla \u015brednio zaawansowanych i zaawansowanych, s\u0105 to zaj\u0119cia na kt\u00f3rych skupiamy si\u0119 na konkretnym temacie.<\/li>\n<li>Wszystkie kursy prowadzimy w spos\u00f3b ci\u0105g\u0142y, czyli zawsze co tydzie\u0144.Gdy dojdziesz do poziomu \u015brednio zaawansowanego, znajdziesz codziennie zaj\u0119cia open. Dzi\u0119ki tak wielu dost\u0119pnym lekcjom mo\u017cesz bardzo szybko osi\u0105gn\u0105\u0107 p\u0142ynno\u015b\u0107 i czerpa\u0107 przyjemno\u015b\u0107 z ta\u0144ca!<\/li>\n<\/ul>\n<p>Ceny w naszej szkole:<\/p>\n<ul style=\"list-style-type: disc;\">\n<li>Milonga: 15 z\u0142<\/li>\n<li>1 zaj\u0119cia: 35 z\u0142<\/li>\n<li>4 zaj\u0119cia 110 z\u0142\/ 70 z\u0142 dla student\u00f3w (wa\u017cne 5 tygodni)<\/li>\n<li>8 zaj\u0119\u0107 180 z\u0142\/ 95 z\u0142 dla student\u00f3w (wa\u017cne 10 tygodni)<\/li>\n<li>open &#8211; 230 z\u0142 &#8211; wszystkie zaj\u0119cia, praktyki i milongi przez 4 tygodnie.<\/li>\n<\/ul>\n<h2 class=\"show\"><strong>Honorujemy Multisport; Medicover Sport, Fit profit blue i PZU sport bez dop\u0142at i kaucji!<strong><br \/>\n<\/strong><\/strong><\/h2>\n<div id='gallery-1' class='gallery galleryid-35 gallery-columns-3 gallery-size-medium'><figure class='gallery-item'>\n\t\t\t<div class='gallery-icon landscape'>\n\t\t\t\t<img loading=\"lazy\" decoding=\"async\" width=\"202\" height=\"148\" src=\"https:\/\/tangovirri.pl\/wp-content\/uploads\/2024\/06\/medicover.jpeg\" class=\"attachment-medium size-medium\" alt=\"\" sizes=\"auto, 100vw\" \/>\n\t\t\t<\/div><\/figure><figure class='gallery-item'>\n\t\t\t<div class='gallery-icon landscape'>\n\t\t\t\t<img loading=\"lazy\" decoding=\"async\" width=\"300\" height=\"240\" src=\"https:\/\/tangovirri.pl\/wp-content\/uploads\/2024\/06\/Fit-profit-300x240.png\" class=\"attachment-medium size-medium\" alt=\"\" srcset=\"https:\/\/tangovirri.pl\/wp-content\/uploads\/2024\/06\/Fit-profit-300x240.png 300w, https:\/\/tangovirri.pl\/wp-content\/uploads\/2024\/06\/Fit-profit.png 375w\" sizes=\"auto, 100vw\" \/>\n\t\t\t<\/div><\/figure><figure class='gallery-item'>\n\t\t\t<div class='gallery-icon landscape'>\n\t\t\t\t<img loading=\"lazy\" decoding=\"async\" width=\"300\" height=\"169\" src=\"https:\/\/tangovirri.pl\/wp-content\/uploads\/2024\/09\/PZU-sport-300x169.png\" class=\"attachment-medium size-medium\" alt=\"\" srcset=\"https:\/\/tangovirri.pl\/wp-content\/uploads\/2024\/09\/PZU-sport-300x169.png 300w, https:\/\/tangovirri.pl\/wp-content\/uploads\/2024\/09\/PZU-sport-1024x576.png 1024w, https:\/\/tangovirri.pl\/wp-content\/uploads\/2024\/09\/PZU-sport-768x432.png 768w, https:\/\/tangovirri.pl\/wp-content\/uploads\/2024\/09\/PZU-sport-1536x864.png 1536w, https:\/\/tangovirri.pl\/wp-content\/uploads\/2024\/09\/PZU-sport.png 1920w\" sizes=\"auto, 100vw\" \/>\n\t\t\t<\/div><\/figure><figure class='gallery-item'>\n\t\t\t<div class='gallery-icon landscape'>\n\t\t\t\t<img loading=\"lazy\" decoding=\"async\" width=\"300\" height=\"169\" src=\"https:\/\/tangovirri.pl\/wp-content\/uploads\/2024\/09\/multisport-300x169.png\" class=\"attachment-medium size-medium\" alt=\"\" srcset=\"https:\/\/tangovirri.pl\/wp-content\/uploads\/2024\/09\/multisport-300x169.png 300w, https:\/\/tangovirri.pl\/wp-content\/uploads\/2024\/09\/multisport-1024x576.png 1024w, https:\/\/tangovirri.pl\/wp-content\/uploads\/2024\/09\/multisport-768x432.png 768w, https:\/\/tangovirri.pl\/wp-content\/uploads\/2024\/09\/multisport-1536x864.png 1536w, https:\/\/tangovirri.pl\/wp-content\/uploads\/2024\/09\/multisport.png 1920w\" sizes=\"auto, 100vw\" \/>\n\t\t\t<\/div><\/figure>\n\t\t<\/div>\n\n","protected":false},"excerpt":{"rendered":"<p>Harmonogram zaj\u0119\u0107 Kalendarz Google Tangovirri W naszej szkole prowadzimy zaj\u0119cia na r\u00f3\u017cnych poziomach zaawansowania: od podstaw &#8211; dla tych kt\u00f3rzy zaczynaj\u0105 dla pocz\u0105tkuj\u0105cych &#8211; dla tych kt\u00f3rzy ju\u017c ta\u0144cz\u0105 kilka miesi\u0119cy dla \u015brednio zaawansowanych &#8211; dla tych kt\u00f3rzy ju\u017c ta\u0144cz\u0105 min. p\u00f3\u0142 roku open &#8211; dla \u015brednio zaawansowanych i zaawansowanych, s\u0105 to zaj\u0119cia na kt\u00f3rych &hellip; <\/p>\n<p class=\"link-more\"><a href=\"https:\/\/tangovirri.pl\/?page_id=35\" class=\"more-link\">Continue reading<span class=\"screen-reader-text\"> &#8220;Lekcje tanga&#8221;<\/span><\/a><\/p>\n","protected":false},"author":1,"featured_media":0,"parent":0,"menu_order":0,"comment_status":"closed","ping_status":"closed","template":"","meta":{"footnotes":""},"class_list":["post-35","page","type-page","status-publish","hentry"],"_links":{"self":[{"href":"https:\/\/tangovirri.pl\/index.php?rest_route=\/wp\/v2\/pages\/35","targetHints":{"allow":["GET"]}}],"collection":[{"href":"https:\/\/tangovirri.pl\/index.php?rest_route=\/wp\/v2\/pages"}],"about":[{"href":"https:\/\/tangovirri.pl\/index.php?rest_route=\/wp\/v2\/types\/page"}],"author":[{"embeddable":true,"href":"https:\/\/tangovirri.pl\/index.php?rest_route=\/wp\/v2\/users\/1"}],"replies":[{"embeddable":true,"href":"https:\/\/tangovirri.pl\/index.php?rest_route=%2Fwp%2Fv2%2Fcomments&post=35"}],"version-history":[{"count":69,"href":"https:\/\/tangovirri.pl\/index.php?rest_route=\/wp\/v2\/pages\/35\/revisions"}],"predecessor-version":[{"id":562,"href":"https:\/\/tangovirri.pl\/index.php?rest_route=\/wp\/v2\/pages\/35\/revisions\/562"}],"wp:attachment":[{"href":"https:\/\/tangovirri.pl\/index.php?rest_route=%2Fwp%2Fv2%2Fmedia&parent=35"}],"curies":[{"name":"wp","href":"https:\/\/api.w.org\/{rel}","templated":true}]}}